{"id":5923,"date":"2021-02-03T20:50:47","date_gmt":"2021-02-03T20:50:47","guid":{"rendered":"https:\/\/zeltlager-thuine.de\/?page_id=5923"},"modified":"2021-02-03T21:28:17","modified_gmt":"2021-02-03T21:28:17","slug":"2012-2","status":"publish","type":"page","link":"https:\/\/zeltlager-thuine.de\/index.php\/2012-2\/","title":{"rendered":"2012"},"content":{"rendered":"\t\t<div data-elementor-type=\"wp-page\" data-elementor-id=\"5923\" class=\"elementor elementor-5923\">\n\t\t\t\t\t\t<section class=\"elementor-section elementor-top-section elementor-element elementor-element-04dcea1 elementor-section-boxed elementor-section-height-default elementor-section-height-default\" data-id=\"04dcea1\" data-element_type=\"section\">\n\t\t\t\t\t\t<div class=\"elementor-container elementor-column-gap-default\">\n\t\t\t\t\t<div class=\"elementor-column elementor-col-100 elementor-top-column elementor-element elementor-element-5f28e16\" data-id=\"5f28e16\" data-element_type=\"column\">\n\t\t\t<div class=\"elementor-widget-wrap elementor-element-populated\">\n\t\t\t\t\t\t<div class=\"elementor-element elementor-element-036d80b elementor-widget elementor-widget-heading\" data-id=\"036d80b\" data-element_type=\"widget\" data-widget_type=\"heading.default\">\n\t\t\t\t<div class=\"elementor-widget-container\">\n\t\t\t<h2 class=\"elementor-heading-title elementor-size-default\"><br>Zeltlager 2012 in L\u00f6ningen<\/h2>\t\t<\/div>\n\t\t\t\t<\/div>\n\t\t\t\t\t<\/div>\n\t\t<\/div>\n\t\t\t\t\t<\/div>\n\t\t<\/section>\n\t\t\t\t<section class=\"elementor-section elementor-top-section elementor-element elementor-element-9a7b8e0 elementor-section-boxed elementor-section-height-default elementor-section-height-default\" data-id=\"9a7b8e0\" data-element_type=\"section\">\n\t\t\t\t\t\t<div class=\"elementor-container elementor-column-gap-default\">\n\t\t\t\t\t<div class=\"elementor-column elementor-col-100 elementor-top-column elementor-element elementor-element-e723655\" data-id=\"e723655\" data-element_type=\"column\">\n\t\t\t<div class=\"elementor-widget-wrap elementor-element-populated\">\n\t\t\t\t\t\t<div class=\"elementor-element elementor-element-79725e0 elementor-widget elementor-widget-text-editor\" data-id=\"79725e0\" data-element_type=\"widget\" data-widget_type=\"text-editor.default\">\n\t\t\t\t<div class=\"elementor-widget-container\">\n\t\t\t\t\t\t\t<p><span style=\"color: #000000;\">Warum tun wir uns das immer wieder an??<\/span><\/p><p><span style=\"color: #000000;\">W\u00e4hrend dieser Woche teilen wir unser Schlafzimmer mit f\u00fcnf bis f\u00fcnfzehn anderen Personen,\u00a0<\/span><span style=\"color: #000000;\">zum Waschen haben wir nur kaltes Wasser, die Dusche ist zwei Kilometer entfernt und bevor\u00a0<\/span><span style=\"color: #000000;\">mein Teller gef\u00fcllt ist, waren schon einhundert andere Personen dran&#8230; Nicht zu vergessen sind\u00a0<\/span><span style=\"color: #000000;\">die kalten N\u00e4chte, das fr\u00fche Aufstehen und &#8230;.<\/span><\/p><p><span style=\"color: #000000;\">&#8230; und ein gro\u00dfartiges Gemeinschaftsgef\u00fchl! 74 Kinder und 32 Gruppenleiter erlebten eine tolle\u00a0<\/span><span style=\"color: #000000;\">Woche mit Spiel, Spa\u00df und sommerlichen Temperaturen &#8230;und wer h\u00e4tte das erwartet?! Noch\u00a0<\/span><span style=\"color: #000000;\">donnerstags erschwerten heftige Regenf\u00e4lle das Aufbauen der letzten Zelte im Lager und\u00a0<\/span><span style=\"color: #000000;\">unsere Wiese verwandelte sich in eine Matschlandschaft, Gummistiefel ein Muss! Aber nicht\u00a0<\/span><span style=\"color: #000000;\">mehr lange! Strahlender Sonnenschein lockte die radfahrenden Kinder ins Lager und eine\u00a0<\/span><span style=\"color: #000000;\">Woche herrlichstes Zeltlagerwetter stand uns bevor. Badehose ein Muss! Neben den t\u00e4glichen\u00a0<\/span><span style=\"color: #000000;\">Ausfl\u00fcgen ins Freibad hatten die Gruppenleiter auch in diesem Jahr wieder ein\u00a0<\/span><span style=\"color: #000000;\">abwechslungsreiches Programm erstellt, welches von den Kindern mit hohem Ehrgeiz\u00a0<\/span><span style=\"color: #000000;\">angenommen wurde. Beim Sch\u00fctzenfest konnten Doreen Thomas und Lars Kuper die\u00a0<\/span><span style=\"color: #000000;\">K\u00f6nigsw\u00fcrde erringen, bei \u201eMein Gruppenleiter kann&#8230;\u201c teilten sich die 4. und die 9. Klasse\u00a0<\/span><span style=\"color: #000000;\">Jungen den ersten Platz und beim Geschlechterkampf waren (mal wieder \ud83d\ude09 ) die M\u00e4dels weit\u00a0<\/span><span style=\"color: #000000;\">vorn! Besondere Programmpunkte in diesem Jahr waren das Fu\u00dfballspiel gegen die Thuiner\u00a0<\/span><span style=\"color: #000000;\">Alte Herren-Mannschaft, die den weiten Weg nach L\u00f6ningen gereist waren, allerdings ohne\u00a0<\/span><span style=\"color: #000000;\">Pokal wieder nach Hause fuhren, und die Kanutour, die durch die von Familie Flerlage zur\u00a0<\/span><span style=\"color: #000000;\">Verf\u00fcgung gestellten Kanus f\u00fcr alle Zeltlagerteilnehmer erm\u00f6glicht wurde.<\/span><\/p><p><span style=\"color: #000000;\">Und auch bei den vielen weiteren helfenden H\u00e4nden m\u00f6chten wir uns herzlich bedanken:<\/span><br \/><span style=\"color: #000000;\">Firma Kuiter, Firma Vo\u00df, Firma Kall, Firma Elektro Speckmann, Busunternehmen Surmann, Taxi\u00a0<\/span><span style=\"color: #000000;\">Team Papenbrock, Edeka Markt Bossat, politische Gemeinde Thuine, Kirchengemeinde Thuine,\u00a0<\/span><span style=\"color: #000000;\">Ludger Gude + Radfahrer-Team, Alte Herren-Mannschaft, Familie Flerlage, Familie Diestel,\u00a0<\/span><span style=\"color: #000000;\">Familie Nosthoff, Heidi Sunder, Maria Roling und allen anderen, die das Zeltlager unterst\u00fctzt haben.<\/span><br \/><span style=\"color: #000000;\">Ohne euch geht\u2019s nicht!!<\/span><\/p><p><span style=\"color: #000000;\">Vergessen sind die kalten N\u00e4chte und pr\u00e4sent sind die sch\u00f6nen Erinnerungen an eine der tollsten<\/span><br \/><span style=\"color: #000000;\">Wochen im Jahr!<\/span><\/p><p><span style=\"color: #000000;\">Und es w\u00e4re kein Kinderlager, wenn am Ende nicht noch einige Dinge liegen bleiben: eine\u00a0<\/span><span style=\"color: #000000;\">Kinderjeans von Tom Tailor Gr\u00f6\u00dfe XL, ein Tacho, Fahrradwerkzeug und einige Basteleien vom\u00a0<\/span><span style=\"color: #000000;\">Workshop k\u00f6nnen bei Judith Mey abgeholt werden.<\/span><\/p><p><span style=\"color: #000000;\">Hier schon mal ein paar Fotos vom diesj\u00e4hrigen Zeltlager:<\/span><\/p>\t\t\t\t\t\t<\/div>\n\t\t\t\t<\/div>\n\t\t\t\t\t<\/div>\n\t\t<\/div>\n\t\t\t\t\t<\/div>\n\t\t<\/section>\n\t\t\t\t<section class=\"elementor-section elementor-top-section elementor-element elementor-element-9f08ee7 elementor-section-boxed elementor-section-height-default elementor-section-height-default\" data-id=\"9f08ee7\" data-element_type=\"section\">\n\t\t\t\t\t\t<div class=\"elementor-container elementor-column-gap-default\">\n\t\t\t\t\t<div class=\"elementor-column elementor-col-100 elementor-top-column elementor-element elementor-element-d539a8b\" data-id=\"d539a8b\" data-element_type=\"column\">\n\t\t\t<div class=\"elementor-widget-wrap elementor-element-populated\">\n\t\t\t\t\t\t<div class=\"elementor-element elementor-element-80cddf8 elementor-widget elementor-widget-image\" data-id=\"80cddf8\" data-element_type=\"widget\" data-widget_type=\"image.default\">\n\t\t\t\t<div class=\"elementor-widget-container\">\n\t\t\t\t\t\t\t\t\t\t\t\t\t<img fetchpriority=\"high\" decoding=\"async\" width=\"800\" height=\"600\" src=\"https:\/\/zeltlager-thuine.de\/wp-content\/uploads\/2021\/01\/zela_2012_Bericht_01.jpg\" class=\"attachment-large size-large wp-image-5821\" alt=\"\" srcset=\"https:\/\/zeltlager-thuine.de\/wp-content\/uploads\/2021\/01\/zela_2012_Bericht_01.jpg 800w, https:\/\/zeltlager-thuine.de\/wp-content\/uploads\/2021\/01\/zela_2012_Bericht_01-300x225.jpg 300w, https:\/\/zeltlager-thuine.de\/wp-content\/uploads\/2021\/01\/zela_2012_Bericht_01-768x576.jpg 768w\" sizes=\"(max-width: 800px) 100vw, 800px\" \/>\t\t\t\t\t\t\t\t\t\t\t\t\t<\/div>\n\t\t\t\t<\/div>\n\t\t\t\t\t<\/div>\n\t\t<\/div>\n\t\t\t\t\t<\/div>\n\t\t<\/section>\n\t\t\t\t<section class=\"elementor-section elementor-top-section elementor-element elementor-element-104057c elementor-section-boxed elementor-section-height-default elementor-section-height-default\" data-id=\"104057c\" data-element_type=\"section\">\n\t\t\t\t\t\t<div class=\"elementor-container elementor-column-gap-default\">\n\t\t\t\t\t<div class=\"elementor-column elementor-col-100 elementor-top-column elementor-element elementor-element-819c876\" data-id=\"819c876\" data-element_type=\"column\">\n\t\t\t<div class=\"elementor-widget-wrap elementor-element-populated\">\n\t\t\t\t\t\t<div class=\"elementor-element elementor-element-532cbb8 elementor-widget elementor-widget-image\" data-id=\"532cbb8\" data-element_type=\"widget\" data-widget_type=\"image.default\">\n\t\t\t\t<div class=\"elementor-widget-container\">\n\t\t\t\t\t\t\t\t\t\t\t\t\t<img decoding=\"async\" width=\"800\" height=\"600\" src=\"https:\/\/zeltlager-thuine.de\/wp-content\/uploads\/2021\/01\/zela_2012_Bericht_02.jpg\" class=\"attachment-large size-large wp-image-5822\" alt=\"\" srcset=\"https:\/\/zeltlager-thuine.de\/wp-content\/uploads\/2021\/01\/zela_2012_Bericht_02.jpg 800w, https:\/\/zeltlager-thuine.de\/wp-content\/uploads\/2021\/01\/zela_2012_Bericht_02-300x225.jpg 300w, https:\/\/zeltlager-thuine.de\/wp-content\/uploads\/2021\/01\/zela_2012_Bericht_02-768x576.jpg 768w\" sizes=\"(max-width: 800px) 100vw, 800px\" \/>\t\t\t\t\t\t\t\t\t\t\t\t\t<\/div>\n\t\t\t\t<\/div>\n\t\t\t\t\t<\/div>\n\t\t<\/div>\n\t\t\t\t\t<\/div>\n\t\t<\/section>\n\t\t\t\t<section class=\"elementor-section elementor-top-section elementor-element elementor-element-6f9cc7f elementor-section-boxed elementor-section-height-default elementor-section-height-default\" data-id=\"6f9cc7f\" data-element_type=\"section\">\n\t\t\t\t\t\t<div class=\"elementor-container elementor-column-gap-default\">\n\t\t\t\t\t<div class=\"elementor-column elementor-col-100 elementor-top-column elementor-element elementor-element-409e5ff\" data-id=\"409e5ff\" data-element_type=\"column\">\n\t\t\t<div class=\"elementor-widget-wrap elementor-element-populated\">\n\t\t\t\t\t\t<div class=\"elementor-element elementor-element-ee5c5b8 elementor-widget elementor-widget-image\" data-id=\"ee5c5b8\" data-element_type=\"widget\" data-widget_type=\"image.default\">\n\t\t\t\t<div class=\"elementor-widget-container\">\n\t\t\t\t\t\t\t\t\t\t\t\t\t<img decoding=\"async\" width=\"800\" height=\"600\" src=\"https:\/\/zeltlager-thuine.de\/wp-content\/uploads\/2021\/01\/zela_2012_Bericht_03.jpg\" class=\"attachment-large size-large wp-image-5823\" alt=\"\" srcset=\"https:\/\/zeltlager-thuine.de\/wp-content\/uploads\/2021\/01\/zela_2012_Bericht_03.jpg 800w, https:\/\/zeltlager-thuine.de\/wp-content\/uploads\/2021\/01\/zela_2012_Bericht_03-300x225.jpg 300w, https:\/\/zeltlager-thuine.de\/wp-content\/uploads\/2021\/01\/zela_2012_Bericht_03-768x576.jpg 768w\" sizes=\"(max-width: 800px) 100vw, 800px\" \/>\t\t\t\t\t\t\t\t\t\t\t\t\t<\/div>\n\t\t\t\t<\/div>\n\t\t\t\t\t<\/div>\n\t\t<\/div>\n\t\t\t\t\t<\/div>\n\t\t<\/section>\n\t\t\t\t<section class=\"elementor-section elementor-top-section elementor-element elementor-element-29f15b9 elementor-section-boxed elementor-section-height-default elementor-section-height-default\" data-id=\"29f15b9\" data-element_type=\"section\">\n\t\t\t\t\t\t<div class=\"elementor-container elementor-column-gap-default\">\n\t\t\t\t\t<div class=\"elementor-column elementor-col-100 elementor-top-column elementor-element elementor-element-43ead22\" data-id=\"43ead22\" data-element_type=\"column\">\n\t\t\t<div class=\"elementor-widget-wrap elementor-element-populated\">\n\t\t\t\t\t\t<div class=\"elementor-element elementor-element-5fa8f86 elementor-widget elementor-widget-image\" data-id=\"5fa8f86\" data-element_type=\"widget\" data-widget_type=\"image.default\">\n\t\t\t\t<div class=\"elementor-widget-container\">\n\t\t\t\t\t\t\t\t\t\t\t\t\t<img loading=\"lazy\" decoding=\"async\" width=\"800\" height=\"600\" src=\"https:\/\/zeltlager-thuine.de\/wp-content\/uploads\/2021\/01\/zela_2012_Bericht_04.jpg\" class=\"attachment-large size-large wp-image-5824\" alt=\"\" srcset=\"https:\/\/zeltlager-thuine.de\/wp-content\/uploads\/2021\/01\/zela_2012_Bericht_04.jpg 800w, https:\/\/zeltlager-thuine.de\/wp-content\/uploads\/2021\/01\/zela_2012_Bericht_04-300x225.jpg 300w, https:\/\/zeltlager-thuine.de\/wp-content\/uploads\/2021\/01\/zela_2012_Bericht_04-768x576.jpg 768w\" sizes=\"(max-width: 800px) 100vw, 800px\" \/>\t\t\t\t\t\t\t\t\t\t\t\t\t<\/div>\n\t\t\t\t<\/div>\n\t\t\t\t\t<\/div>\n\t\t<\/div>\n\t\t\t\t\t<\/div>\n\t\t<\/section>\n\t\t\t\t<section class=\"elementor-section elementor-top-section elementor-element elementor-element-78152a3 elementor-section-boxed elementor-section-height-default elementor-section-height-default\" data-id=\"78152a3\" data-element_type=\"section\">\n\t\t\t\t\t\t<div class=\"elementor-container elementor-column-gap-default\">\n\t\t\t\t\t<div class=\"elementor-column elementor-col-100 elementor-top-column elementor-element elementor-element-fb211d4\" data-id=\"fb211d4\" data-element_type=\"column\">\n\t\t\t<div class=\"elementor-widget-wrap elementor-element-populated\">\n\t\t\t\t\t\t<div class=\"elementor-element elementor-element-5deaadb elementor-widget elementor-widget-image\" data-id=\"5deaadb\" data-element_type=\"widget\" data-widget_type=\"image.default\">\n\t\t\t\t<div class=\"elementor-widget-container\">\n\t\t\t\t\t\t\t\t\t\t\t\t\t<img loading=\"lazy\" decoding=\"async\" width=\"800\" height=\"600\" src=\"https:\/\/zeltlager-thuine.de\/wp-content\/uploads\/2021\/01\/zela_2012_Bericht_05.jpg\" class=\"attachment-large size-large wp-image-5825\" alt=\"\" srcset=\"https:\/\/zeltlager-thuine.de\/wp-content\/uploads\/2021\/01\/zela_2012_Bericht_05.jpg 800w, https:\/\/zeltlager-thuine.de\/wp-content\/uploads\/2021\/01\/zela_2012_Bericht_05-300x225.jpg 300w, https:\/\/zeltlager-thuine.de\/wp-content\/uploads\/2021\/01\/zela_2012_Bericht_05-768x576.jpg 768w\" sizes=\"(max-width: 800px) 100vw, 800px\" \/>\t\t\t\t\t\t\t\t\t\t\t\t\t<\/div>\n\t\t\t\t<\/div>\n\t\t\t\t\t<\/div>\n\t\t<\/div>\n\t\t\t\t\t<\/div>\n\t\t<\/section>\n\t\t\t\t<section class=\"elementor-section elementor-top-section elementor-element elementor-element-70a7ff6 elementor-section-boxed elementor-section-height-default elementor-section-height-default\" data-id=\"70a7ff6\" data-element_type=\"section\">\n\t\t\t\t\t\t<div class=\"elementor-container elementor-column-gap-default\">\n\t\t\t\t\t<div class=\"elementor-column elementor-col-100 elementor-top-column elementor-element elementor-element-1f3e42c\" data-id=\"1f3e42c\" data-element_type=\"column\">\n\t\t\t<div class=\"elementor-widget-wrap elementor-element-populated\">\n\t\t\t\t\t\t<div class=\"elementor-element elementor-element-d4614b7 elementor-widget elementor-widget-text-editor\" data-id=\"d4614b7\" data-element_type=\"widget\" data-widget_type=\"text-editor.default\">\n\t\t\t\t<div class=\"elementor-widget-container\">\n\t\t\t\t\t\t\t<p><span style=\"color: #000000;\">Stand: 2012<\/span><\/p>\t\t\t\t\t\t<\/div>\n\t\t\t\t<\/div>\n\t\t\t\t\t<\/div>\n\t\t<\/div>\n\t\t\t\t\t<\/div>\n\t\t<\/section>\n\t\t\t\t<\/div>\n\t\t","protected":false},"excerpt":{"rendered":"<p>Zeltlager 2012 in L\u00f6ningen Warum tun wir uns das immer wieder an?? W\u00e4hrend dieser Woche teilen wir unser Schlafzimmer mit f\u00fcnf bis f\u00fcnfzehn anderen Personen,\u00a0zum Waschen haben wir nur kaltes Wasser, die Dusche ist zwei Kilometer entfernt und bevor\u00a0mein Teller gef\u00fcllt ist, waren schon einhundert andere Personen dran&#8230; Nicht zu vergessen sind\u00a0die kalten N\u00e4chte, das [&hellip;]<\/p>\n","protected":false},"author":1,"featured_media":0,"parent":0,"menu_order":0,"comment_status":"closed","ping_status":"closed","template":"","meta":{"ocean_post_layout":"full-screen","ocean_both_sidebars_style":"","ocean_both_sidebars_content_width":0,"ocean_both_sidebars_sidebars_width":0,"ocean_sidebar":"0","ocean_second_sidebar":"0","ocean_disable_margins":"enable","ocean_add_body_class":"","ocean_shortcode_before_top_bar":"","ocean_shortcode_after_top_bar":"","ocean_shortcode_before_header":"","ocean_shortcode_after_header":"","ocean_has_shortcode":"","ocean_shortcode_after_title":"","ocean_shortcode_before_footer_widgets":"","ocean_shortcode_after_footer_widgets":"","ocean_shortcode_before_footer_bottom":"","ocean_shortcode_after_footer_bottom":"","ocean_display_top_bar":"off","ocean_display_header":"on","ocean_header_style":"","ocean_center_header_left_menu":"0","ocean_custom_header_template":"0","ocean_custom_logo":0,"ocean_custom_retina_logo":0,"ocean_custom_logo_max_width":0,"ocean_custom_logo_tablet_max_width":0,"ocean_custom_logo_mobile_max_width":0,"ocean_custom_logo_max_height":0,"ocean_custom_logo_tablet_max_height":0,"ocean_custom_logo_mobile_max_height":0,"ocean_header_custom_menu":"0","ocean_menu_typo_font_family":"0","ocean_menu_typo_font_subset":"","ocean_menu_typo_font_size":0,"ocean_menu_typo_font_size_tablet":0,"ocean_menu_typo_font_size_mobile":0,"ocean_menu_typo_font_size_unit":"px","ocean_menu_typo_font_weight":"","ocean_menu_typo_font_weight_tablet":"","ocean_menu_typo_font_weight_mobile":"","ocean_menu_typo_transform":"","ocean_menu_typo_transform_tablet":"","ocean_menu_typo_transform_mobile":"","ocean_menu_typo_line_height":0,"ocean_menu_typo_line_height_tablet":0,"ocean_menu_typo_line_height_mobile":0,"ocean_menu_typo_line_height_unit":"","ocean_menu_typo_spacing":0,"ocean_menu_typo_spacing_tablet":0,"ocean_menu_typo_spacing_mobile":0,"ocean_menu_typo_spacing_unit":"","ocean_menu_link_color":"","ocean_menu_link_color_hover":"","ocean_menu_link_color_active":"","ocean_menu_link_background":"","ocean_menu_link_hover_background":"","ocean_menu_link_active_background":"","ocean_menu_social_links_bg":"","ocean_menu_social_hover_links_bg":"","ocean_menu_social_links_color":"","ocean_menu_social_hover_links_color":"","ocean_disable_title":"on","ocean_disable_heading":"default","ocean_post_title":"","ocean_post_subheading":"","ocean_post_title_style":"","ocean_post_title_background_color":"","ocean_post_title_background":0,"ocean_post_title_bg_image_position":"","ocean_post_title_bg_image_attachment":"","ocean_post_title_bg_image_repeat":"","ocean_post_title_bg_image_size":"","ocean_post_title_height":0,"ocean_post_title_bg_overlay":0.5,"ocean_post_title_bg_overlay_color":"","ocean_disable_breadcrumbs":"default","ocean_breadcrumbs_color":"","ocean_breadcrumbs_separator_color":"","ocean_breadcrumbs_links_color":"","ocean_breadcrumbs_links_hover_color":"","ocean_display_footer_widgets":"off","ocean_display_footer_bottom":"off","ocean_custom_footer_template":"0","footnotes":""},"class_list":["post-5923","page","type-page","status-publish","hentry","entry"],"_links":{"self":[{"href":"https:\/\/zeltlager-thuine.de\/index.php\/wp-json\/wp\/v2\/pages\/5923"}],"collection":[{"href":"https:\/\/zeltlager-thuine.de\/index.php\/wp-json\/wp\/v2\/pages"}],"about":[{"href":"https:\/\/zeltlager-thuine.de\/index.php\/wp-json\/wp\/v2\/types\/page"}],"author":[{"embeddable":true,"href":"https:\/\/zeltlager-thuine.de\/index.php\/wp-json\/wp\/v2\/users\/1"}],"replies":[{"embeddable":true,"href":"https:\/\/zeltlager-thuine.de\/index.php\/wp-json\/wp\/v2\/comments?post=5923"}],"version-history":[{"count":7,"href":"https:\/\/zeltlager-thuine.de\/index.php\/wp-json\/wp\/v2\/pages\/5923\/revisions"}],"predecessor-version":[{"id":5955,"href":"https:\/\/zeltlager-thuine.de\/index.php\/wp-json\/wp\/v2\/pages\/5923\/revisions\/5955"}],"wp:attachment":[{"href":"https:\/\/zeltlager-thuine.de\/index.php\/wp-json\/wp\/v2\/media?parent=5923"}],"curies":[{"name":"wp","href":"https:\/\/api.w.org\/{rel}","templated":true}]}}